{"id":370,"date":"2024-01-24T20:30:23","date_gmt":"2024-01-24T19:30:23","guid":{"rendered":"https:\/\/www.marcel-noack.de\/?page_id=370"},"modified":"2024-01-26T20:27:18","modified_gmt":"2024-01-26T19:27:18","slug":"struga-na-wson-gwalt-portfolio","status":"publish","type":"page","link":"https:\/\/www.marcel-noack.de\/?page_id=370&lang=en","title":{"rendered":"STRUGA. NA W\u0160\u00d3N GWA\u0141T (Portfolio)"},"content":{"rendered":"\n<div class=\"_df_book df-lite\" id=\"df_372\"  _slug=\"struga-portfolio-en\" data-title=\"struga-portfolio-en\" wpoptions=\"true\" thumbtype=\"\" ><\/div><script class=\"df-shortcode-script\" nowprocket type=\"application\/javascript\">window.option_df_372 = {\"outline\":[],\"autoEnableOutline\":\"false\",\"autoEnableThumbnail\":\"false\",\"overwritePDFOutline\":\"false\",\"direction\":\"1\",\"pageSize\":\"0\",\"source\":\"https:\\\/\\\/www.marcel-noack.de\\\/wp-content\\\/uploads\\\/2024\\\/01\\\/20240125_Struga_PF_MarcelNoack_DS_ENG_2024_www.pdf\",\"wpOptions\":\"true\"}; if(window.DFLIP && window.DFLIP.parseBooks){window.DFLIP.parseBooks();}<\/script>\n","protected":false},"excerpt":{"rendered":"<div class=\"wrap-excerpt-more\"><a class=\"excerpt-more\" href=\"https:\/\/www.marcel-noack.de\/?page_id=370&#038;lang=en\">Read more<\/a><\/div>\n","protected":false},"author":1,"featured_media":0,"parent":369,"menu_order":0,"comment_status":"closed","ping_status":"closed","template":"","meta":{"footnotes":""},"class_list":["post-370","page","type-page","status-publish","hentry","post--no-featured-image"],"_links":{"self":[{"href":"https:\/\/www.marcel-noack.de\/index.php?rest_route=\/wp\/v2\/pages\/370","targetHints":{"allow":["GET"]}}],"collection":[{"href":"https:\/\/www.marcel-noack.de\/index.php?rest_route=\/wp\/v2\/pages"}],"about":[{"href":"https:\/\/www.marcel-noack.de\/index.php?rest_route=\/wp\/v2\/types\/page"}],"author":[{"embeddable":true,"href":"https:\/\/www.marcel-noack.de\/index.php?rest_route=\/wp\/v2\/users\/1"}],"replies":[{"embeddable":true,"href":"https:\/\/www.marcel-noack.de\/index.php?rest_route=%2Fwp%2Fv2%2Fcomments&post=370"}],"version-history":[{"count":2,"href":"https:\/\/www.marcel-noack.de\/index.php?rest_route=\/wp\/v2\/pages\/370\/revisions"}],"predecessor-version":[{"id":377,"href":"https:\/\/www.marcel-noack.de\/index.php?rest_route=\/wp\/v2\/pages\/370\/revisions\/377"}],"up":[{"embeddable":true,"href":"https:\/\/www.marcel-noack.de\/index.php?rest_route=\/wp\/v2\/pages\/369"}],"wp:attachment":[{"href":"https:\/\/www.marcel-noack.de\/index.php?rest_route=%2Fwp%2Fv2%2Fmedia&parent=370"}],"curies":[{"name":"wp","href":"https:\/\/api.w.org\/{rel}","templated":true}]}}